s digit of v?
1
Suppose q = -13*n + 11*n - 1084, -3*n + 6 = 0. Let i = 2030 + q. What is the hundreds digit of i?
9
Suppose -2*l + 3*m - 5 = 3*l, -l - 2*m = -12. Let i(c) = -26*c + 0*c**2 - 7 + 21*c + l*c**2. What is the tens digit of i(5)?
1
Suppose -27 = 2*q - 11*q. What is the units digit of 5/q - (-73882)/102?
6
Let z(r) = 4 + 16*r + 3 + 2 - 50*r. What is the units digit of z(-6)?
3
Let h(c) be the first derivative of 209*c**3/3 + 7*c**2/2 - 3*c + 56. What is the hundreds digit of h(2)?
8
Let u be (4 + (-1)/1)/(2/34). Suppose -49*z - 748 = -u*z. What is the tens digit of z?
7
Suppose 0 = g + 2*g - 19*g + 22736. What is the tens digit of g?
2
Suppose 6*o = -2*o + 1264. Suppose 8*g - 602 = o. Suppose 0 = -4*l + g + 69. What is the units digit of l?
1
Let m(f) = 5*f**2 - 43*f + 250. What is the units digit of m(24)?
8
Suppose 3*h + 2484 = -9*h. Let q = -136 - h. Suppose -q*w + 73*w = 296. What is the tens digit of w?
4
Let b(q) = 134*q - 58. Let d(t) = -267*t + 113. Let a(k) = -5*b(k) - 2*d(k). What is the hundreds digit of a(-2)?
3
Let k(d) = d**3 - 11*d**2 + 8*d - 32. Let s be k(11). Let v be ((-6)/2)/(1/(-17)). Let g = s - v. What is the units digit of g?
5
Let w be (-15)/(15/1238) + (1 - -1). What is the units digit of (11/22)/((-2)/w)?
9
Suppose -2*w - 12 = -4*l - l, 5*w = -3*l + 32. Suppose -1232 = -w*t + 2*v, -2*t + 616 = -v - v. What is the tens digit of t?
0
Let i = -7398 + 42640. Suppose -7698 = 22*n - i. What is the thousands digit of n?
1
Let w = -384 + 242. Let d be (6 + -4)*116 + -1. Let j = d + w. What is the units digit of j?
9
What is the thousands digit of 2524 - 10*(-13)/((-65)/(-2))?
2
Suppose 28*j - 755541 + 32553 = 0. What is the thousands digit of j?
5
Suppose 16 = -2*a - 4*d - 26, -2*a + 5*d = 78. Let w(n) = -36 - 18 - 9 - 4*n - 3. What is the tens digit of w(a)?
5
Let v(w) = 62*w**2 + 68*w - 48. What is the thousands digit of v(-13)?
9
Suppose -3*h - 2*f - 2 = 0, -h - 4 = h + 2*f. Suppose -2*z = -h*y + 172, -7*y + 2*z + 336 = -3*y. What is the units digit of y?
2
Let f(x) = -x. Let h be f(14). Let r = 14 + h. Suppose -2*z = 3*w - 105, r = 2*z + 2*z + w - 185. What is the tens digit of z?
4
What is the ten thousands digit of (-7 - -2)/((8/17916)/(-2))?
2
Suppose -8*d = 21552 - 116560. What is the ten thousands digit of d?
1
Suppose -43278 = -9*a + 20577. What is the tens digit of a?
9
Let u(o) = -1842*o**2 - 2 + 4*o + 1835*o**2 - 5*o - o**3. Let n be u(-3). Let r = n + 244. What is the hundreds digit of r?
2
Suppose -8 = -5*z + v, 3*v = -2*z - 4 - 3. Suppose -2*y = 6*i + 10, 9*i - 5*i = 4*y - 44. What is the units digit of (-1 - z) + -5 + 2 + y?
2
Let k = 17571 + -8065. What is the tens digit of k?
0
Suppose -5*p = n - 86546, -103*p + 173164 = 2*n - 101*p. What is the thousands digit of n?
6
Suppose 2*n = -5*o + 28978, -11*n - 3972 - 19160 = -4*o. What is the tens digit of o?
9
Let j(c) be the second derivative of -c**4/12 - 5*c**3/3 + 19*c**2/2 - 7*c. Let g be j(-10). Let z(i) = 3*i**2 - 56*i + 5. What is the units digit of z(g)?
4
Suppose -5*d + 67 = 412. Let u = d + 292. What is the tens digit of u?
2
Suppose 3*f - 5*p - 53026 = 9339, 41586 = 2*f - p. What is the units digit of f?
5
Suppose 50 = 4*h + 6*h. Suppose 0*c + h*c = 15. Suppose -4*b + l = -4*l - 241, -c*b + 173 = 4*l. What is the tens digit of b?
5
Suppose -2*v - 2*v + 0*v = -2*m - 37252, 7*m = 0. What is the hundreds digit of v?
3
Suppose 2*z - 366 = m, -5*m + 3*m = -4. Suppose 15 = 1096*j - 1082*j - 265. Let c = z - j. What is the units digit of c?
4
Let j(c) = 13*c + 452. What is the hundreds digit of j(27)?
8
Suppose 17*q = 9*q + 72. Suppose 0 = q*u - u - 1624. What is the hundreds digit of u?
2
What is the thousands digit of ((-9 + 14)*11)/((-2)/(-1226 - -4))?
3
Let d = -92763 + 130423. What is the ten thousands digit of d?
3
Suppose -108*l + 109*l = 3. Suppose l*c = -5*r + 3635, -3*r = r - c - 2891. What is the tens digit of r?
2
Let v be ((-1)/(-4))/(10/(-40)). Let o be (v*130)/(-2 - 60/(-35)). Let r = o - 250. What is the units digit of r?
5
Suppose -5*u + 239 = -2*d + 1183, d - 475 = 4*u. Suppose 3*k - 3*p + 1305 = 5*k, -5*p = k - 642. Let f = k - d. What is the hundreds digit of f?
1
Let c = 4 + 9. Suppose -3 = a, 4*j - 2*j - c = -3*a. Suppose 34 = j*h - 9*h. What is the units digit of h?
7
Let z be ((-19)/1 + 0 + 0)/(-1). Suppose -17*v + 32 = -z*v. Let r(h) = -h**3 - 16*h**2 - 4*h + 16. What is the units digit of r(v)?
0
Let s be 0 - ((-2)/4)/((-1)/6). Let v be 845/s - (-14)/21. Let z = -132 - v. What is the hundreds digit of z?
1
Let d(f) = -1575*f - 7168. What is the thousands digit of d(-23)?
9
Let b = 127 - 124. Suppose -2*z + 12 + 434 = b*d, -3*z + 682 = -2*d. What is the hundreds digit of z?
2
Let m = 29945 + -21222. What is the tens digit of m?
2
Let c(u) = 107*u**2 + 7*u + 756. What is the units digit of c(25)?
6
Let d(g) = g**2 + 3*g - 7. Let j be d(-4). Let s be (j + 4)*-27 - -2. What is the tens digit of 1 - s - (14 + -17)?
2
Let o(g) = 25*g**2 - 19*g + 31. Let z(s) = -8*s**2 + 6*s - 10. Let b(r) = 2*o(r) + 7*z(r). Let u be b(4). What is the units digit of -1 - (0 + u + 2)?
5
Let r = -19 + -14. Let l = r + 63. Suppose l = -5*p + 410. What is the tens digit of p?
7
Let x be -2 + 7 - (4 + -2). What is the units digit of 39/(-26) - x/(-6)*685?
1
Let s be -5 - (-7 + 2) - (23 + 1). Let i = 30 + s. What is the units digit of 9/i*(-102)/(-9)?
7
Suppose -4*z + 48 = 4*q, 0*z + z + 3*q = 22. Suppose 13*u - z*u - 30 = 0. What is the units digit of (-409)/(-5) + (-24)/5 + u?
2
What is the hundreds digit of (42 - 131)*218/(-2)?
7
Let m be 2 - (322*-5)/(-7). Let f = 126 - m. What is the tens digit of f?
5
Let b(n) = -6*n + 164. Let f be b(23). Suppose f*t - 22*t = 732. What is the hundreds digit of t?
1
Let v(a) = -10*a**2 + 34*a - 14. Let b be v(11). What is the tens digit of (-3 + 5 - b)*(-63)/(-28)?
1
Let t(i) be the second derivative of i**5/10 - i**4/12 - 2*i**3 - 11*i. Let u be t(-4). Let p = 255 + u. What is the hundreds digit of p?
1
Let c = 1710 + 12486. What is the tens digit of c?
9
Suppose -4*r + 14518 = -34210. What is the units digit of r?
2
Let h be (154/21)/(4/(-18)). Let b be 12/(-66) - 72/h. Suppose 2 = -b*s, -l + 45 = -2*s - 0*s. What is the units digit of l?
3
Suppose -652 = 8*r + 84. Let d = 32 - r. Let h = d + 43. What is the hundreds digit of h?
1
Suppose -5*b = 8*q - 10*q - 4302, -3*q = 5*b - 4297. Suppose -2*z - 5*o + b = 3*z, 0 = -3*z + o + 508. What is the units digit of z?
0
Let f(m) be the first derivative of m**3/3 - 5*m**2/2 - m + 16. Let z be f(6). Suppose 0 = 3*a + d - 407, 0 = a - z*a - 3*d + 536. What is the units digit of a?
7
Let q = 330 + -475. Let t = 229 + q. Let r = t - 51. What is the tens digit of r?
3
What is the units digit of (-14)/4*(-17149444)/1183?
8
Let n = -50 - -18. Suppose 25*c = 29*c - 532. Let m = c + n. What is the hundreds digit of m?
1
Let d be 20/2*(12/10)/2. Suppose -d - 8 = -2*t. Suppose -64 = t*s - 9*s. What is the tens digit of s?
3
Let k(t) = -23*t**2 - 1831*t - 26. What is the ten thousands digit of k(-58)?
2
Let u = -63 + 65. Suppose 4*v + 5*a + u = 0, a + 5 = -4*v + 11. Let i = 9 + v. What is the units digit of i?
1
Let n(b) = -b**2 + 13*b - 23. Let h be n(7). Suppose 6*a = h*a - 169. What is the tens digit of a?
1
Suppose -11*u - 438 = -17*u. Suppose 10*i + u = 3253. What is the units digit of i?
8
Let q(h) be the third derivative of h**6/120 + 3*h**5/10 + h**4/4 - 49*h**3/6 - 124*h**2. What is the tens digit of q(-12)?
4
Let b(y) = 60*y**2 - 303*y + 44. What is the tens digit of b(6)?
8
Let h be (6 + 0)/12*4. Suppose 4*v - h*q + 3*q - 921 = 0, -25 = -5*q. What is the units digit of v?
9
Let p(g) = 3*g**3 - 7*g**2 + 20*g - 6. Let i be p(-9). Let o = 4397 + i. What is the tens digit of o?
5
Let p = 20687 - 8151. What is the units digit of p?
6
Let k be 30/(-40) - (-69)/(-4). Let d be k*(20/(-6) - -3). Suppose -w + 3*h + 10 = 0, 4*w - 3*h + d = 64. What is the tens digit of w?
1
Let s be ((-32)/(-48))/(1/6 - 0). Let p be -516 + 1 - (-4 - -3). What is the tens digit of 3/s + p/(-8)?
6
What is the tens digit of (21/63)/((-2)/3) - (-11365)/2?
8
What is the tens digit of ((-230)/1 - -1)/(332860/(-5456) - -61)?
9
Suppose 4*o = -2*g + 5*g + 197, 5*o + 2*g - 229 = 0. Let a = -40 + o. S